{"id":946,"date":"2025-12-04T09:56:51","date_gmt":"2025-12-04T08:56:51","guid":{"rendered":"https:\/\/www.qst.unina.it\/?page_id=946"},"modified":"2026-05-11T10:18:08","modified_gmt":"2026-05-11T08:18:08","slug":"academic-year-2025-2026","status":"publish","type":"page","link":"https:\/\/www.qst.unina.it\/index.php\/academic-year-2025-2026\/","title":{"rendered":"Academic year 2025\/2026"},"content":{"rendered":"\t\t<div data-elementor-type=\"wp-page\" data-elementor-id=\"946\" class=\"elementor elementor-946\">\n\t\t\t\t<div class=\"elementor-element elementor-element-cbbfa30 e-con-full e-flex e-con e-parent\" data-id=\"cbbfa30\" data-element_type=\"container\">\n\t\t<div class=\"elementor-element elementor-element-e956bb7 e-con-full e-flex e-con e-child\" data-id=\"e956bb7\" data-element_type=\"container\">\n\t\t\t\t<div class=\"elementor-element elementor-element-894201d elementor-widget elementor-widget-text-editor\" data-id=\"894201d\" data-element_type=\"widget\" data-widget_type=\"text-editor.default\">\n\t\t\t\t<div class=\"elementor-widget-container\">\n\t\t\t\t\t\t\t\t\t<h3 id=\"05-04-2023\" class=\"wp-block-heading\">14\/05\/2026<\/h3><p>h 16:00 Room 0M03- Physics Department\u00a0<\/p><p>Online:\u00a0Online participation via MS Teams\u00a0<a href=\"https:\/\/teams.microsoft.com\/meet\/398279562171746?p=mxsU3PFLq4VTyN0Gxw\">link<\/a><\/p><p>In case your access is denied, log out from your institutional account and open MS Teams in your web browser.<\/p>\t\t\t\t\t\t\t\t<\/div>\n\t\t\t\t<\/div>\n\t\t\t\t<\/div>\n\t\t<div class=\"elementor-element elementor-element-75fb506 e-con-full e-flex e-con e-child\" data-id=\"75fb506\" data-element_type=\"container\">\n\t\t\t\t<div class=\"elementor-element elementor-element-cbce8fc elementor-widget elementor-widget-text-editor\" data-id=\"cbce8fc\" data-element_type=\"widget\" data-widget_type=\"text-editor.default\">\n\t\t\t\t<div class=\"elementor-widget-container\">\n\t\t\t\t\t\t\t\t\t<h3><strong>Speaker: Fabrizio Minganti (Alice &amp; Bob, Paris)<\/strong><\/h3><h3><span data-teams=\"true\">Cats, chaos, dissipation<\/span><\/h3><p><strong>Abstract<br \/><\/strong><\/p><p>Abstract: Cat states are a promising platform for realizing quantum computers with a low hardware footprint and intrinsic error correction [1]. In this talk, I will describe how engineered dissipation [2] and parametric processes can confine the state of the system and stabilize cat states. I will discuss recent advances in the control and calibration of these states [3\u20134], and their potential to enable fault-tolerant quantum computation.<\/p><p>Beyond their role as quantum hardware, these superconducting devices also provide an ideal platform for investigating many-body quantum phenomena in dissipative systems. In particular, I will discuss how the concepts of quantum error correction and phase transitions are connected. Building on a formal framework for analyzing chaos in strongly dissipative quantum systems [5], I will examine the emergence of chaos in these systems and its connection to the degradation of cat-state performance [6].<\/p><p>[1] Mirrahimi et al., New J. Phys. 16, 045014 (2014)<\/p><p>[2] Leghtas et al., Science (2015), Vol. 347, No. 6224<\/p><p>[3] Melo et at., arXiv (2025)<\/p><p>[4] A cat qubit that jumps every hour (blogpost: <a id=\"menur3j9\" class=\"fui-Link ___1q1shib f2hkw1w f3rmtva f1ewtqcl fyind8e f1k6fduh f1w7gpdv fk6fouc fjoy568 figsok6 f1s184ao f1mk8lai fnbmjn9 f1o700av f13mvf36 f1cmlufx f9n3di6 f1ids18y f1tx3yz7 f1deo86v f1eh06m1 f1iescvh fhgqx19 f1olyrje f1p93eir f1nev41a f1h8hb77 f1lqvz6u f10aw75t fsle3fq f17ae5zn\" title=\"https:\/\/alice-bob.com\/blog\/just-out-of-the-lab-a-cat-qubit-that-jumps-every-hour\/\" href=\"https:\/\/alice-bob.com\/blog\/just-out-of-the-lab-a-cat-qubit-that-jumps-every-hour\/\" target=\"_blank\" rel=\"noreferrer noopener\" aria-label=\"Collegamento https:\/\/alice-bob.com\/blog\/just-out-of-the-lab-a-cat-qubit-that-jumps-every-hour\/\">https:\/\/alice-bob.com\/blog\/just-out-of-the-lab-a-cat-qubit-that-jumps-every-hour\/<\/a>)<\/p><p>[5] Ferrari et al, Phys. Rev. Res. (2025)<\/p><p>[6] Ferrari et al., in preparation<\/p><p>Short Bio: <span data-teams=\"true\">Graduated in \u00c9cole Normale Sup\u00e9rieure, Paris (2015); PhD in Universit\u00e9 Paris Cit\u00e9 under the supervision of Cristiano Ciuti (2018). JSPS Fellow at RIKEN, Japan, with Franco Nori (2019-2021). Research Scientist at EPFL in the group of Vincenzo Savona (2021-2024). Staff Quantum physicist at Alice &amp; Bob since July 2024. <\/span><\/p>\t\t\t\t\t\t\t\t<\/div>\n\t\t\t\t<\/div>\n\t\t\t\t<\/div>\n\t\t\t\t<\/div>\n\t\t<div class=\"elementor-element elementor-element-dbf527d e-flex e-con-boxed e-con e-parent\" data-id=\"dbf527d\" data-element_type=\"container\">\n\t\t\t\t\t<div class=\"e-con-inner\">\n\t\t\t\t<div class=\"elementor-element elementor-element-c2fe412 elementor-widget-divider--view-line elementor-widget elementor-widget-divider\" data-id=\"c2fe412\" data-element_type=\"widget\" data-widget_type=\"divider.default\">\n\t\t\t\t<div class=\"elementor-widget-container\">\n\t\t\t\t\t\t\t<div class=\"elementor-divider\">\n\t\t\t<span class=\"elementor-divider-separator\">\n\t\t\t\t\t\t<\/span>\n\t\t<\/div>\n\t\t\t\t\t\t<\/div>\n\t\t\t\t<\/div>\n\t\t\t\t<div class=\"elementor-element elementor-element-f75cab4 elementor-widget elementor-widget-heading\" data-id=\"f75cab4\" data-element_type=\"widget\" data-widget_type=\"heading.default\">\n\t\t\t\t<div class=\"elementor-widget-container\">\n\t\t\t\t\t<h2 class=\"elementor-heading-title elementor-size-default\">Past seminars<\/h2>\t\t\t\t<\/div>\n\t\t\t\t<\/div>\n\t\t\t\t\t<\/div>\n\t\t\t\t<\/div>\n\t\t<div class=\"elementor-element elementor-element-c2a8917 e-flex e-con-boxed e-con e-parent\" data-id=\"c2a8917\" data-element_type=\"container\">\n\t\t\t\t\t<div class=\"e-con-inner\">\n\t\t<div class=\"elementor-element elementor-element-9462985 e-con-full e-flex e-con e-child\" data-id=\"9462985\" data-element_type=\"container\">\n\t\t<div class=\"elementor-element elementor-element-7b607bf e-con-full e-flex e-con e-child\" data-id=\"7b607bf\" data-element_type=\"container\">\n\t\t<div class=\"elementor-element elementor-element-52dc0b8 e-con-full e-flex e-con e-child\" data-id=\"52dc0b8\" data-element_type=\"container\">\n\t\t\t\t<div class=\"elementor-element elementor-element-552478d elementor-widget elementor-widget-text-editor\" data-id=\"552478d\" data-element_type=\"widget\" data-widget_type=\"text-editor.default\">\n\t\t\t\t<div class=\"elementor-widget-container\">\n\t\t\t\t\t\t\t\t\t<h3 id=\"05-04-2023\" class=\"wp-block-heading\">20\/03\/2026<\/h3><p>h 11:30 Room 0M03 &#8211; Physics Department\u00a0<\/p><p>Online:\u00a0Online participation via MS Teams\u00a0<a href=\"https:\/\/teams.microsoft.com\/meet\/3496694744447?p=bsBmaR6DtHwcH12fm6\" target=\"_blank\" rel=\"noopener\">link<\/a><\/p><p>In case your access is denied, log out from your institutional account and open MS Teams in your web browser.<\/p>\t\t\t\t\t\t\t\t<\/div>\n\t\t\t\t<\/div>\n\t\t\t\t<\/div>\n\t\t<div class=\"elementor-element elementor-element-447bd88 e-con-full e-flex e-con e-child\" data-id=\"447bd88\" data-element_type=\"container\">\n\t\t\t\t<div class=\"elementor-element elementor-element-e794ba0 elementor-widget elementor-widget-text-editor\" data-id=\"e794ba0\" data-element_type=\"widget\" data-widget_type=\"text-editor.default\">\n\t\t\t\t<div class=\"elementor-widget-container\">\n\t\t\t\t\t\t\t\t\t<h3><strong>Speaker: <span data-teams=\"true\">Niccol\u00f2 Traverso Ziani<\/span> (Universita` di Genova)<\/strong><\/h3><h3><span data-teams=\"true\">Quantum critical quantum batteries<\/span><\/h3><p><strong>Abstract<br \/><\/strong><\/p><p>Qualitatively speaking, quantum batteries are quantum systems engineered to store and release energy on demand [1]. One\u2011dimensional arrays of qubits are particularly insightful in this context because they map naturally onto quantum spin chains out of equilibrium. This connection allows one to analyze their charging dynamics using concepts developed for quantum quenches [2] in a context where the quantum battery is naturally many-body.<br \/>In this talk, I will discuss how quantum phase transitions and integrability shape the performance of spin\u2011chain quantum batteries. I will show that in (Jordan-Wigner) integrable systems the quantum phase diagram strongly affects the stored energy at long charging times [3,4]. In contrast, when integrability is broken, even the charging power displays clear signatures of quantum criticality, exhibiting a strong enhancement around the phase transition [5].<\/p><p>[1] F. Campaioli, S. Gherardini, J. Q. Quach, M. Polini, and G. M. Andolina, Colloquium: Quantum batteries, Rev. Mod. Phys. 96, 031001 (2024).<br \/>[2] A. Mitra, Quantum Quench Dynamics, Annual Review of Condensed Matter Physics, Vol. 9:245-259 (2018).<br \/>[3] R. Grazi, D. Sacco Shaikh, M. Sassetti, N. Traverso Ziani, and D. Ferraro, Controlling energy storage crossing quantum phase transitions in an integrable spin quantum battery, Phys. Rev. Lett. 133, 197001 (2024).<br \/>[4] R. Grazi, F. Cavaliere, M. Sassetti, D. Ferraro, and N. T. Ziani, Charging free fermion quantum batteries, Chaos, Solitons &amp; Fractals 196, 116383 (2025).<br \/>[5] D. Farina, M. Sassetti, V. Cataudella, D. Ferraro, and N. Traverso Ziani,\u00a0 Charging power enhancement at the phase transition of a non-integrable quantum battery, arXiv:2603.02819.<\/p>\t\t\t\t\t\t\t\t<\/div>\n\t\t\t\t<\/div>\n\t\t\t\t<\/div>\n\t\t\t\t<\/div>\n\t\t<div class=\"elementor-element elementor-element-b53db4a e-con-full e-flex e-con e-child\" data-id=\"b53db4a\" data-element_type=\"container\">\n\t\t<div class=\"elementor-element elementor-element-a2cb81f e-con-full e-flex e-con e-child\" data-id=\"a2cb81f\" data-element_type=\"container\">\n\t\t\t\t<div class=\"elementor-element elementor-element-3043188 elementor-widget elementor-widget-text-editor\" data-id=\"3043188\" data-element_type=\"widget\" data-widget_type=\"text-editor.default\">\n\t\t\t\t<div class=\"elementor-widget-container\">\n\t\t\t\t\t\t\t\t\t<h3 id=\"05-04-2023\" class=\"wp-block-heading\">9\/12\/2025<\/h3><p>h 14:00 Room 0M03 &#8211; Physics Department\u00a0<\/p><p>Online:\u00a0Online participation via MS Teams\u00a0<a href=\"https:\/\/teams.microsoft.com\/meet\/31638841403840?p=fhAaZ40oCQPeTXr2D8\" target=\"_blank\" rel=\"noopener\">link<\/a><\/p><p>In case your access is denied, log out from your institutional account and open MS Teams in your web browser.<\/p>\t\t\t\t\t\t\t\t<\/div>\n\t\t\t\t<\/div>\n\t\t\t\t<\/div>\n\t\t<div class=\"elementor-element elementor-element-e38e5b5 e-con-full e-flex e-con e-child\" data-id=\"e38e5b5\" data-element_type=\"container\">\n\t\t\t\t<div class=\"elementor-element elementor-element-935be8b elementor-widget elementor-widget-text-editor\" data-id=\"935be8b\" data-element_type=\"widget\" data-widget_type=\"text-editor.default\">\n\t\t\t\t<div class=\"elementor-widget-container\">\n\t\t\t\t\t\t\t\t\t<h3><strong>Speaker: Olivier Buisson (CNRS, Neel Institute, Grenoble, France)<\/strong><\/h3><h3><span data-teams=\"true\">High fiedlity and suppression of measurement-induced state transitions in cos\u03c6-coupling transmon readout<\/span><\/h3><p><strong>Abstract<br \/><\/strong><\/p><p>The field of superconducting qubits is constantly evolving with \u00a0\u00a0\u00a0\u00a0\u00a0 new types of circuit and designs but, when it comes to qubit \u00a0\u00a0\u00a0\u00a0\u00a0 readout, the use of simple transverse linear coupling is \u00a0\u00a0\u00a0\u00a0\u00a0 overwhelmingly prevalent. This type of coupling intrinsically \u00a0\u00a0\u00a0\u00a0\u00a0 limits the readout mode\u2019s dispersive shift and is known to cause \u00a0\u00a0\u00a0\u00a0\u00a0 Purcell effect. We propose here to overcome these limitations by \u00a0\u00a0\u00a0\u00a0\u00a0 engineering a non-linear cos\u03d5-coupling between the transmon qubit \u00a0\u00a0\u00a0\u00a0\u00a0 and a dedicated readout mode. This is based upon previous \u00a0\u00a0\u00a0\u00a0\u00a0 published work [1] on qubit readout with a non-perturbative \u00a0\u00a0\u00a0\u00a0\u00a0 cross-Kerr coupling engineered by a transmon molecule circuit. A \u00a0\u00a0\u00a0\u00a0\u00a0 new sample with optimized design and parameters shows a readout \u00a0\u00a0\u00a0\u00a0\u00a0 fidelity of 99.21% measured using a parametric amplifier and a \u00a0\u00a0\u00a0\u00a0\u00a0 high Quantum Non- Demolition (QND) fidelity of 97% [2]. \u00a0\u00a0\u00a0\u00a0\u00a0 Interestingly, these results have been achieved with 89 photons in \u00a0\u00a0\u00a0\u00a0\u00a0 the readout mode. In addition, we have observed suppression of \u00a0\u00a0\u00a0\u00a0\u00a0 measurement-induced state transitions (MIST) up to high photon \u00a0\u00a0\u00a0\u00a0\u00a0 counts above 300 [3]. This effect can be explained by the symmetry \u00a0\u00a0\u00a0\u00a0\u00a0 of the coupling, which is tunable with a magnetic field. All of \u00a0\u00a0\u00a0\u00a0\u00a0 these measurements were corroborated by a theoretical study, a \u00a0\u00a0\u00a0\u00a0\u00a0 numerical analysis of the spectra associated with the nonlinearly \u00a0\u00a0\u00a0\u00a0\u00a0 coupled circuit, and simulations of the corresponding classical \u00a0\u00a0\u00a0\u00a0\u00a0 dynamics[3].<\/p><p>[1] R. Dassonneville, et al., \u201cFast high-fidelity quantum\u00a0\u00a0\u00a0\u00a0\u00a0 nondemolition qubit readout via a nonperturbative cross-Kerr\u00a0\u00a0\u00a0\u00a0\u00a0 coupling\u201d, Phys. Rev. X 10, 011045 (2020).<br \/>[2] C. Mori, et al., \u201cHigh-power readout of a transmon qubit using a nonlinear coupling\u201d, arXiv 2507.03642 (2025).<br \/>[3] C. Mori, et al., \u201cSuppression of measurement-induced state transitions in cos-coupling transmon readout\u201d, arXiv 2509.05126 (2025).<\/p><p style=\"margin-left: 0px;\"><span style=\"font-size: inherit;\"><strong>Short Bio: <\/strong><\/span><span style=\"color: #000000; font-family: Aptos, sans-serif; font-size: 11pt; text-transform: inherit;\">Olivier Buisson is a senior CNRS researcher (Directeur de Recherche) and the director of the LANEF consortium in Grenoble. His main research areas concern mesoscopic physics and superconducting qubits. Coordinator of The ANR Projet Octaves (2021-2025). In 1999, he initiated quantum dynamics in superconducting qubits and proposed Quantum ElectroDynamics experiments using superconducting qubits. He experimentally studies a large variety of superconducting qubits since then. In 1990, he was contracted to the CRTBT-CNRS lab in Grenoble and studied plasma modes in thin superconducting films. Post-doctoral research in Rio de Janeiro with Prof. Paulo Costa Ribiero and Mauro Doria on biophysics and modelization of anisotropic superconductors. PhD (1990) at the Joseph Fourier University (Grenoble) on superconducting mesoscopic disks and superconducting networks under the supervision of Bernard Pannetier. <\/span><\/p><p style=\"margin-left: 0px;\"><span style=\"color: #000000; font-family: Aptos, sans-serif; font-size: 11pt; text-transform: inherit;\">Website: <a href=\"https:\/\/sqc.cnrs.fr\/members\">https:\/\/sqc.cnrs.fr\/members<\/a>\u00a0<\/span><\/p>\t\t\t\t\t\t\t\t<\/div>\n\t\t\t\t<\/div>\n\t\t\t\t<\/div>\n\t\t\t\t<\/div>\n\t\t<div class=\"elementor-element elementor-element-a2cd2af e-con-full e-flex e-con e-child\" data-id=\"a2cd2af\" data-element_type=\"container\">\n\t\t<div class=\"elementor-element elementor-element-65f6db2 e-con-full e-flex e-con e-child\" data-id=\"65f6db2\" data-element_type=\"container\">\n\t\t\t\t<div class=\"elementor-element elementor-element-59780b2 elementor-widget elementor-widget-text-editor\" data-id=\"59780b2\" data-element_type=\"widget\" data-widget_type=\"text-editor.default\">\n\t\t\t\t<div class=\"elementor-widget-container\">\n\t\t\t\t\t\t\t\t\t<h3 id=\"05-04-2023\" class=\"wp-block-heading\">19\/03\/2026<\/h3><p>h 16:00 Room 0M04 &#8211; Physics Department\u00a0<\/p><p>Online:\u00a0Online participation via MS Teams\u00a0<a href=\"https:\/\/teams.microsoft.com\/meet\/36313785033614?p=cC0hSK6G7qHIewC0WY\" target=\"_blank\" rel=\"noopener\">link<\/a><\/p><p>In case your access is denied, log out from your institutional account and open MS Teams in your web browser.<\/p>\t\t\t\t\t\t\t\t<\/div>\n\t\t\t\t<\/div>\n\t\t\t\t<\/div>\n\t\t<div class=\"elementor-element elementor-element-fa9601c e-con-full e-flex e-con e-child\" data-id=\"fa9601c\" data-element_type=\"container\">\n\t\t\t\t<div class=\"elementor-element elementor-element-ff83213 elementor-widget elementor-widget-text-editor\" data-id=\"ff83213\" data-element_type=\"widget\" data-widget_type=\"text-editor.default\">\n\t\t\t\t<div class=\"elementor-widget-container\">\n\t\t\t\t\t\t\t\t\t<h3><strong>Speaker: Matteo Carrega (CNR, SPIN, Genova)<\/strong><\/h3><h3><span data-teams=\"true\"><strong>Nonreciprocal Superconducting Transport in Hybrid Josephson junctions<\/strong><\/span><\/h3><p><strong>Abstract<br \/><\/strong><\/p><p><span data-teams=\"true\">The development of quantum technologies relies on our ability to coherently control quantum systems, engineer their interactions, and understand the fundamental limits imposed by quantum mechanics. In this perspective, quantum thermodynamics provides a framework to describe energy exchange, dissipation, and nonequilibrium effects in mesoscopic devices, while quantum circuit theory offers powerful tools to model and design complex superconducting architectures.<br \/><br \/>In this talk, we will first present an overview of our theoretical works at the interface between quantum thermodynamics and superconducting quantum circuits, focusing on energy transport, dissipation, and quantum coherence\u00a0 phenomena.<br \/><br \/>In the second part, we will discuss a close theoretical\u2013experimental collaboration on hybrid Josephson junctions based on high-quality InSb nanoflags. Owing to their strong spin\u2013orbit coupling and ballistic transport, these systems constitute a versatile platform to explore nonreciprocal superconducting transport. We demonstrate supercurrent rectification \u2014 the dissipationless analog of the conventional diode \u2014 arising from the interplay of spin\u2013orbit interaction and magnetic fields. Under microwave irradiation, the observation of half-integer Shapiro steps reveals nonequilibrium dynamics linked to a skewed current\u2013phase relation. To directly probe this key quantity, we realized SQUID interferometers based on InSb nanoflag junctions, whose interference patterns highlight significant higher-harmonic contributions.<br \/><br \/>These results illustrate how combining theoretical insight with advanced nanofabrication enables controlled engineering of hybrid superconducting devices, paving the way toward novel functionalities for future quantum technologies.<br \/><br \/>REFERENCES<br \/>[1] B. Turini et al., Nano Letters 22, 8502 (2022).<br \/>[2] A. Lombardi et al., Commun. Materials 6, 272 (2025).<br \/><br \/>[3] A. Iorio et al., Phys. Rev. Res. 5, 033015 (2023).<br \/>[4] A. Chieppa et al., NanoLetters 39, 14412 (2025).<\/span><\/p>\t\t\t\t\t\t\t\t<\/div>\n\t\t\t\t<\/div>\n\t\t\t\t<\/div>\n\t\t\t\t<\/div>\n\t\t\t\t<\/div>\n\t\t\t\t\t<\/div>\n\t\t\t\t<\/div>\n\t\t<div class=\"elementor-element elementor-element-67bc63b e-flex e-con-boxed e-con e-parent\" data-id=\"67bc63b\" data-element_type=\"container\">\n\t\t\t\t\t<div class=\"e-con-inner\">\n\t\t<div class=\"elementor-element elementor-element-1b3c33f e-con-full e-flex e-con e-child\" data-id=\"1b3c33f\" data-element_type=\"container\">\n\t\t\t\t<div class=\"elementor-element elementor-element-58960c4 elementor-widget-divider--view-line elementor-widget elementor-widget-divider\" data-id=\"58960c4\" data-element_type=\"widget\" data-widget_type=\"divider.default\">\n\t\t\t\t<div class=\"elementor-widget-container\">\n\t\t\t\t\t\t\t<div class=\"elementor-divider\">\n\t\t\t<span class=\"elementor-divider-separator\">\n\t\t\t\t\t\t<\/span>\n\t\t<\/div>\n\t\t\t\t\t\t<\/div>\n\t\t\t\t<\/div>\n\t\t\t\t<\/div>\n\t\t\t\t\t<\/div>\n\t\t\t\t<\/div>\n\t\t<div class=\"elementor-element elementor-element-49a42bd e-flex e-con-boxed e-con e-parent\" data-id=\"49a42bd\" data-element_type=\"container\">\n\t\t\t\t\t<div class=\"e-con-inner\">\n\t\t<div class=\"elementor-element elementor-element-ab75915 e-con-full e-flex e-con e-child\" data-id=\"ab75915\" data-element_type=\"container\">\n\t\t\t\t<div class=\"elementor-element elementor-element-c8e5625 elementor-widget-divider--view-line elementor-widget elementor-widget-divider\" data-id=\"c8e5625\" data-element_type=\"widget\" data-widget_type=\"divider.default\">\n\t\t\t\t<div class=\"elementor-widget-container\">\n\t\t\t\t\t\t\t<div class=\"elementor-divider\">\n\t\t\t<span class=\"elementor-divider-separator\">\n\t\t\t\t\t\t<\/span>\n\t\t<\/div>\n\t\t\t\t\t\t<\/div>\n\t\t\t\t<\/div>\n\t\t\t\t<\/div>\n\t\t\t\t\t<\/div>\n\t\t\t\t<\/div>\n\t\t<div class=\"elementor-element elementor-element-13805b7 e-flex e-con-boxed e-con e-parent\" data-id=\"13805b7\" data-element_type=\"container\">\n\t\t\t\t\t<div class=\"e-con-inner\">\n\t\t\t\t\t<\/div>\n\t\t\t\t<\/div>\n\t\t\t\t<\/div>\n\t\t","protected":false},"excerpt":{"rendered":"<p>14\/05\/2026 h 16:00 Room 0M03- Physics Department\u00a0 Online:\u00a0Online participation via MS Teams\u00a0link In case your access is denied, log out from your institutional account and open MS Teams in your web browser. Speaker: Fabrizio Minganti (Alice &amp; Bob, Paris) Cats, &hellip;<\/p>\n<p class=\"read-more\"> <a class=\"more-link\" href=\"https:\/\/www.qst.unina.it\/index.php\/academic-year-2025-2026\/\"> <span class=\"screen-reader-text\">Academic year 2025\/2026<\/span> Leggi tutto &raquo;<\/a><\/p>\n","protected":false},"author":2,"featured_media":0,"parent":0,"menu_order":0,"comment_status":"closed","ping_status":"closed","template":"","meta":{"footnotes":""},"class_list":["post-946","page","type-page","status-publish","hentry"],"_links":{"self":[{"href":"https:\/\/www.qst.unina.it\/index.php\/wp-json\/wp\/v2\/pages\/946","targetHints":{"allow":["GET"]}}],"collection":[{"href":"https:\/\/www.qst.unina.it\/index.php\/wp-json\/wp\/v2\/pages"}],"about":[{"href":"https:\/\/www.qst.unina.it\/index.php\/wp-json\/wp\/v2\/types\/page"}],"author":[{"embeddable":true,"href":"https:\/\/www.qst.unina.it\/index.php\/wp-json\/wp\/v2\/users\/2"}],"replies":[{"embeddable":true,"href":"https:\/\/www.qst.unina.it\/index.php\/wp-json\/wp\/v2\/comments?post=946"}],"version-history":[{"count":14,"href":"https:\/\/www.qst.unina.it\/index.php\/wp-json\/wp\/v2\/pages\/946\/revisions"}],"predecessor-version":[{"id":965,"href":"https:\/\/www.qst.unina.it\/index.php\/wp-json\/wp\/v2\/pages\/946\/revisions\/965"}],"wp:attachment":[{"href":"https:\/\/www.qst.unina.it\/index.php\/wp-json\/wp\/v2\/media?parent=946"}],"curies":[{"name":"wp","href":"https:\/\/api.w.org\/{rel}","templated":true}]}}